o**2 - 665*o - 3307. Determine n(-5).
-682
Let w(b) = 512*b - 5839. Give w(0).
-5839
Let q(z) = 10*z + 3383. Give q(-54).
2843
Let d(p) = 119*p**2 - 938*p + 700. Determine d(7).
-35
Let z(w) = -w**2 + 169920*w + 3228834. Give z(-19).
-7
Let r(b) = -2298*b - 43655. Determine r(-19).
7
Let j(a) = 15*a**2 - 2071*a + 32417. Determine j(18).
-1
Let r(g) = g**3 + 446*g**2 - 12779*g - 3787. What is r(-473)?
-3
Let v(l) = -69817*l + 419222. Give v(6).
320
Let d(v) = v**2 - 75*v + 1258. What is d(19)?
194
Let x(s) = -4*s**3 + 2290*s**2 - 3425*s - 533. Determine x(571).
38
Let y(t) = -1101*t - 9966. Give y(-9).
-57
Let w(r) = -r**2 + 180*r - 2778. What is w(162)?
138
Let w(y) = -y**2 - 70464*y + 12786738. Give w(181).
-7
Let q(y) = y**3 - 39*y**2 - 140*y - 1321. What is q(43)?
55
Let d(m) = 30506*m - 244278. Give d(8).
-230
Let p(y) = 2*y**3 - 60*y**2 - 51*y + 898. Determine p(31).
1239
Let w(i) = -10659*i + 85481. Give w(8).
209
Let n(z) = z**3 + 54*z**2 + 732*z + 302. Calculate n(-24).
14
Let u(j) = -384*j**2 - 2594*j + 696. What is u(-7)?
38
Let x(g) = g**2 - 222*g - 252. What is x(17)?
-3737
Let l(u) = u**3 + 184*u**2 - 348*u - 2. Determine l(2).
46
Let m(b) = 3*b**2 - 577*b + 24842. What is m(65)?
12
Let v(f) = -320*f**2 + 35*f - 52. Calculate v(1).
-337
Let s(m) = 467*m - 76609. Give s(164).
-21
Let s(r) = -r**2 - 342*r - 7281. What is s(-319)?
56
Let h(p) = 4*p**3 - 110*p**2 + 64*p - 146. Give h(27).
124
Let g(q) = 157*q - 11529. Determine g(86).
1973
Let t(b) = -11581*b + 173858. Calculate t(15).
143
Let j(h) = -257955*h + 1805675. Give j(7).
-10
Let i(v) = -12395*v + 12350. Calculate i(1).
-45
Let d(f) = -249247*f + 6729661. What is d(27)?
-8
Let x(q) = -6*q**2 + 3737*q - 33431. Determine x(9).
-284
Let q(f) = 962*f - 137984. Give q(143).
-418
Let g(d) = d**3 + 70*d**2 + 269*d + 17850. Calculate g(-70).
-980
Let h(l) = 10*l**2 - 237*l + 198. Give h(9).
-1125
Let f(a) = -709338*a + 7093343. What is f(10)?
-37
Let b(v) = -9*v**2 - 709*v - 8020. Give b(-12).
-808
Let z(o) = 122*o**2 - 3211*o + 1064. What is z(26)?
50
Let s(x) = x**3 + 37*x**2 + 243*x + 88. Determine s(-7).
-143
Let u(d) = -128248*d + 384751. Calculate u(3).
7
Let j(n) = -50379*n + 453422. Determine j(9).
11
Let o(d) = -2*d**3 - 8*d**2 + 374*d - 904. Determine o(9).
356
Let b(u) = u - 1429. What is b(69)?
-1360
Let y(h) = 19*h**2 + 334*h + 141. Calculate y(-19).
654
Let i(o) = 2*o**3 - 10*o**2 + 91*o - 1078. Calculate i(8).
34
Let h(x) = -3*x**3 + 4768*x**2 - 33240*x + 70. Give h(7).
-7
Let q(f) = -f**3 + 141*f**2 - 660*f + 15306. Calculate q(137).
-38
Let g(l) = l**3 - 3*l**2 - 281*l - 1434. Determine g(-11).
-37
Let a(m) = 3*m**2 - 43*m - 114. Determine a(13).
-166
Let a(r) = -5*r**2 - 672*r + 3522. Determine a(5).
37
Let w(z) = 2*z**3 + 166*z**2 - 3404*z - 293. What is w(-100)?
107
Let k(w) = w**3 + 31*w**2 - 442*w - 116. Give k(-42).
-956
Let i(t) = -t**2 + 124*t + 766. What is i(130)?
-14
Let g(n) = 99701*n - 498509. Give g(5).
-4
Let u(y) = y**2 + 128*y - 287. Determine u(-82).
-4059
Let w(p) = -3*p**2 - 72*p + 453. Determine w(5).
18
Let n(r) = -r**3 - 52*r**2 - 6*r - 1033. Determine n(-52).
-721
Let m(a) = 2*a**3 - 54*a**2 - 47*a + 3347. Give m(9).
8
Let t(i) = -i**3 - 17*i**2 + 109*i + 1324. What is t(-19)?
-25
Let g(i) = 13656*i**2 + 14630*i + 2. Give g(-1).
-972
Let l(d) = -252991*d + 19733289. Give l(78).
-9
Let i(l) = l**3 + 97*l**2 + 204*l + 819. Give i(-95).
-511
Let g(o) = 350*o + 2124. What is g(0)?
2124
Let y(k) = -1861*k - 91135. Give y(-49).
54
Let q(i) = -97399*i + 292183. What is q(3)?
-14
Let s(i) = -19451*i + 136161. Give s(7).
4
Let v(c) = -2*c**3 + 17*c**2 - 6122*c + 42510. Determine v(7).
-197
Let z(f) = -290*f**2 - 73*f - 22. Give z(3).
-2851
Let i(b) = -b**2 - 44689*b - 1429022. Calculate i(-32).
2
Let v(z) = -z**3 + 49*z**2 + 116*z + 5139. Determine v(53).
51
Let d(u) = 27646*u - 525275. Give d(19).
-1
Let a(f) = 364*f + 30207. Give a(-83).
-5
Let z(t) = -6*t**3 - 215*t**2 - 305*t - 4087. What is z(-35)?
463
Let z(i) = 1734*i - 16207. Give z(9).
-601
Let g(n) = 10*n - 828. Determine g(-16).
-988
Let c(l) = 4452*l + 498621. What is c(-112)?
-3
Let b(s) = 35*s**2 + 3779*s - 3919. What is b(-109)?
5
Let a(u) = 11506*u + 632810. Determine a(-55).
-20
Let t(f) = -f**3 + 121*f**2 - 1294*f + 140884. What is t(120)?
4
Let p(j) = 114140*j + 228294. Determine p(-2).
14
Let g(i) = -14*i**2 - 568*i - 139. What is g(-40)?
181
Let k(v) = 12*v**2 + 243*v + 2. Give k(-14).
-1048
Let c(n) = 192*n**3 - 63*n**2 + 12*n - 4. Give c(1).
137
Let x(q) = q**2 - 6525*q - 282353. Give x(-43).
71
Let q(s) = -263*s**2 + 3673*s + 136. What is q(14)?
10
Let l(g) = -g**3 - 149*g**2 - 2737*g + 3558. Give l(-23).
-145
Let j(f) = 4*f**2 - 63*f - 1025. What is j(-10)?
5
Let m(r) = -r**3 - 10*r**2 + 2891*r - 5201. Calculate m(48).
-65
Let g(b) = b**2 - 1308*b - 118719. Determine g(-85).
-314
Let k(c) = 570*c + 22965. Calculate k(-40).
165
Let x(p) = 781*p - 102276. Give x(131).
35
Let a(z) = 70*z**2 - 843*z + 35. Calculate a(12).
-1
Let p(y) = -39689*y - 476226. Calculate p(-12).
42
Let c(p) = -4*p**2 + 9*p + 1338. Determine c(22).
-400
Let l(i) = -15696*i + 125590. What is l(8)?
22
Let w(p) = -p**2 + 42343*p - 11777631. What is w(280)?
9
Let u(r) = -r**2 + 22125*r - 4015370. Determine u(183).
16
Let q(f) = -1013*f**2 - 31406*f - 77. Give q(-31).
16
Let k(s) = -7113*s + 177930. Calculate k(25).
105
Let a(q) = -27*q**3 + 272*q**2 - 155*q. Give a(9).
954
Let x(c) = -c**3 - 16*c**2 + 1231*c + 24977. Determine x(-22).
799
Let z(f) = -55*f**3 - 2*f**2 + 115*f - 225. Give z(2).
-443
Let b(c) = 338*c - 3222. Determine b(12).
834
Let j(c) = -22*c**2 + 4718*c + 7229. Give j(216).
-115
Let l(f) = 102*f**2 - 1579*f - 6818. Give l(19).
3
Let b(h) = h**3 - 3*h**2 + 312*h - 2294. Calculate b(7).
86
Let z(j) = -2*j**3 - 51*j**2 - 338*j + 164. Calculate z(-12).
332
Let w(z) = -2164*z + 2475598. What is w(1144)?
-18
Let l(o) = 10441*o + 114263. Determine l(-11).
-588
Let a(o) = -2*o**2 + 29726*o + 833880. What is a(-28)?
-16
Let z(f) = 1171*f - 860. Determine z(-2).
-3202
Let f(b) = 838*b - 11742. Determine f(14).
-10
Let k(r) = -5*r**3 - 166*r**2 - 45*r - 333. Determine k(-33).
63
Let j(q) = 4*q**2 + 335*q - 7936. What is j(-103)?
-5
Let c(k) = -6013*k - 2296984. Calculate c(-382).
-18
Let j(u) = u**3 - 102*u**2 + 998*u + 269. Calculate j(91).
-4
Let l(u) = -u**2 - 227*u - 9324. Determine l(-55).
136
Let h(j) = 814*j - 6403. Calculate h(5).
-2333
Let d(z) = -264*z**2 + 20330*z + 65. Determine d(77).
219
Let b(a) = -12589*a - 12625. What is b(-1)?
-36
Let n(x) = x**3 + 189*x**2 - 401*x - 3649. Calculate n(-191).
-20
Let g(r) = -r**2 - 49372*r + 148129. What is g(3)?
4
Let i(j) = 5*j**3 + 168*j**2 - 632*j + 92. Calculate i(-37).
203
Let a(z) = -2*z**3 - 60*z**2 + 187*z + 33. Give a(3).
0
Let u(f) = -101*f + 11277. Calculate u(112).
-35
Let l(c) = 114*c - 57558. What is l(505)?
12
Let t(b) = -397978*b - 7163604. Determine t(-18).
0
Let c(h) = 18*h**3 - 14*h**2 - 107*h - 8. Calculate c(-6).
-3758
Let g(c) = -98*c - 4784. Give g(-35).
-1354
Let k(c) = -2*c**2 + 956*c + 37021. Calculate k(-36).
13
Let j(u) = 2773*u + 840152. What is j(-303)?
-67
Let y(n) = -1231*n + 4901. What is y(4)?
-23
Let i(y) = -244*y + 92909. Give i(380).
189
Let q(h) = -5*h**3 - 22*h**2 - 1737*h - 5153. Calculate q(-3).
-5
Let b(z) = -z**3 + 2*z**2 + 7589*z - 30334. Calculate b(4).
-10
Let u(b) = b**3 + 18*b**2 + 80*b - 210. Determine u(0).
-210
Let c(k) = -732*k - 92949. Determine c(-126).
-717
Let q(h) = -169*h + 4608. Give q(25).
383
Let t(h) = -128*h**2 - 139*h + 570. Determine t(4).
-2034
Let w(c) = c**3 + 19*c**2 + 64*c + 119. What is w(-16)?
-137
Let w(f) = -8*f**3 + 496*f**2 - 233*f + 14332. Give w(62).
-114
Let s(i) = i**2 + 732*i - 456. What is s(0)?
-456
Let u(k) = -739*k + 1785. What is u(2)?
307
Let f(l) = l**3 + 66*l**2 + 756*l + 8321. Calculate f(-55).
16
Let t(u) = 2403*u - 591114. Determine t(246).
24
Let j(l) = l**2 - 47069*l + 141179. Give j(3).
-19
Let a(s) = -32*s**2 + 17*s - 146. Give a(5).
-861
Let f(x) = -17794*x - 53384. Calculate f(-3).
-2
Let c(w) = 219*w**2 - 11166*w - 150. Calculate c(51).
3
Let b(v) = 13813*v**2 + 13930*v + 118. Calculate b(-1).
1
Let i(z) = 3590*z + 42808. Determine i(-13).
-3862
Let